
-13
Let b(w) = -19*w**2 - 2*w - 3. What is b(-1)?
-20
Let c(j) = -27*j**2 - 58*j - 85. Determine c(-3).
-154
Let r(q) = -q**3 - 18*q**2 + 10*q + 147. Calculate r(-18).
-33
Let s(x) = -397*x + 1147. Give s(3).
-44
Let o(k) = 268*k + 13957. Give o(-52).
21
Let h(o) = 4*o**3 + 42*o**2 + 81*o - 24. Give h(-8).
-32
Let i(v) = -v**3 + v**2 - 2*v - 172. Give i(0).
-172
Let c(h) = -92*h + 9193. Give c(100).
-7
Let x(f) = -5*f**3 + 24*f**2 - 6*f - 3. Calculate x(5).
-58
Let j(f) = -4*f**3 - 25*f**2 - 36*f - 183. What is j(-6)?
-3
Let a(g) = 3*g**3 - 4*g**2 + 3*g - 13. Give a(3).
41
Let y(g) = g**2 + 51*g + 328. Calculate y(-14).
-190
Let a(n) = 48*n + 362. What is a(-5)?
122
Let c(i) = -i**2 + 18*i + 869. What is c(-20)?
109
Let j(y) = 2*y**2 - 271*y - 3697. Give j(148).
3
Let t(q) = -q**2 - 93*q - 2144. Determine t(-41).
-12
Let v(p) = p**3 - 22*p**2 - 28*p + 123. Give v(23).
8
Let s(l) = 9*l + 53. Calculate s(-34).
-253
Let h(p) = -58*p**2 - 270*p + 36. Determine h(-5).
-64
Let s(r) = -r**3 + 10*r + 2. What is s(6)?
-154
Let c(g) = -g**3 - 19*g**2 - 116*g - 1765. What is c(-18)?
-1
Let b(y) = y**2 + 1000*y - 1983. What is b(2)?
21
Let v(s) = s**3 - 8*s**2 - 9*s + 40. What is v(7)?
-72
Let m(l) = -28*l - 54. What is m(-1)?
-26
Let m(i) = -147*i + 4014. What is m(27)?
45
Let t(v) = -3*v**2 - 35*v - 89. Give t(-8).
-1
Let k(r) = r**3 + 22*r**2 + 102*r + 30. What is k(-15)?
75
Let w(r) = 8*r + 339. Calculate w(-56).
-109
Let i(a) = 670*a - 175522. Determine i(262).
18
Let b(q) = -3*q**2 + 259*q - 4921. Determine b(58).
9
Let u(c) = 2*c**2 + 1665*c - 13433. Give u(8).
15
Let x(s) = 463*s + 464. Give x(-1).
1
Let o(q) = 157*q + 1114. Determine o(-7).
15
Let d(p) = -p**3 - 3*p**2 - 23*p + 14. Determine d(-7).
371
Let j(p) = 10*p**2 + 35*p + 87. What is j(-3)?
72
Let q(u) = 2*u**3 + 23*u**2 + 14*u - 40. Determine q(-11).
-73
Let y(x) = x - 42. Determine y(11).
-31
Let i(r) = r + 20. Calculate i(-16).
4
Let c(d) = -d**3 + 59*d + 29. Determine c(-8).
69
Let c(p) = -p**3 - 38*p**2 + 36*p - 191. What is c(-39)?
-74
Let i(y) = -869*y - 873. Determine i(-1).
-4
Let r(w) = -20*w - 121. Calculate r(-6).
-1
Let a(t) = -2*t**2 + 20*t - 39. Calculate a(16).
-231
Let d(i) = 6*i**3 - 4*i**2 - 2*i + 6. What is d(-4)?
-434
Let n(l) = 18*l**2 + 568*l + 306. Calculate n(-31).
-4
Let h(r) = -2*r**2 + 2*r - 28. Determine h(13).
-340
Let l(m) = -218*m + 238. Calculate l(2).
-198
Let y(h) = -95*h - 5317. Give y(-56).
3
Let c(o) = 387*o + 6188. Determine c(-16).
-4
Let f(x) = 107*x - 98. Determine f(6).
544
Let k(n) = -n**3 + 9*n**2 - 6*n - 14. Calculate k(8).
2
Let k(g) = 780*g - 5451. Determine k(7).
9
Let f(w) = 198*w + 56241. Calculate f(-284).
9
Let p(k) = -k**3 - 8*k**2 + 18*k + 5. Determine p(-10).
25
Let a(n) = n**2 - 64*n - 687. Give a(80).
593
Let i(m) = 129*m + 1471. What is i(-11)?
52
Let x(r) = 15*r + 381. Calculate x(-28).
-39
Let y(d) = -549*d + 3336. What is y(6)?
42
Let v(a) = -14*a**3 + 13*a**2 + 3*a - 1. Determine v(1).
1
Let x(k) = -252*k - 11362. Give x(-45).
-22
Let h(k) = -559*k - 6158. What is h(-11)?
-9
Let d(j) = 4*j**2 + 3*j - 21. Give d(3).
24
Let k(v) = -75*v + 117. Determine k(-3).
342
Let s(a) = 42*a**2 + 1403*a + 558. Give s(-33).
-3
Let h(m) = -287*m + 3423. Determine h(12).
-21
Let f(m) = m**3 - 87*m**2 - 128*m + 3566. What is f(88)?
46
Let a(x) = -4*x**3 + 12*x**2 - 16*x + 18. Calculate a(3).
-30
Let o(p) = -p**3 - 30*p**2 - 51*p + 137. What is o(-28)?
-3
Let r(z) = -z**3 + 26*z**2 - 95*z + 113. Determine r(22).
-41
Let w(g) = g**3 + 9*g**2 - 13*g - 2. Give w(-9).
115
Let p(t) = 168*t - 15574. Calculate p(93).
50
Let k(m) = -69*m + 844. Calculate k(13).
-53
Let n(l) = 3352*l - 13421. What is n(4)?
-13
Let h(y) = -12*y + 1214. Give h(102).
-10
Let j(f) = 2*f**2 - 16*f - 28. What is j(8)?
-28
Let l(j) = -2*j**3 + 77*j**2 - 39*j + 47. Give l(38).
9
Let s(j) = -61*j**2 + 8*j - 41. What is s(3)?
-566
Let w(r) = -61*r + 4280. Determine w(70).
10
Let n(u) = u**3 + 15*u**2 - 9*u - 135. Determine n(-15).
0
Let t(s) = 6176*s + 271741. What is t(-44)?
-3
Let b(z) = 62*z + 2980. Give b(-48).
4
Let k(i) = 476*i + 4774. Determine k(-10).
14
Let u(b) = 1709*b + 56392. What is u(-33)?
-5
Let o(u) = 249*u + 924. Calculate o(-6).
-570
Let y(h) = -550*h - 2806. Give y(-5).
-56
Let x(d) = 2*d**2 + 74*d + 545. Determine x(-10).
5
Let t(b) = -3*b**2 - 145*b + 7. What is t(0)?
7
Let g(d) = -5*d**2 + 133*d - 787. Determine g(9).
5
Let d(h) = 2*h**2 + 37*h + 55. Calculate d(-17).
4
Let n(l) = l**2 - 220*l + 3447. Determine n(17).
-4
Let t(n) = -n**3 - 4*n**2 + 33*n + 120. What is t(-6)?
-6
Let x(y) = -10*y**2 + 55*y + 12. Give x(6).
-18
Let r(q) = q**3 + 17*q**2 + 9*q - 135. Give r(-16).
-23
Let r(b) = b**3 - 45*b**2 + 205*b - 3346. Give r(42).
-28
Let b(w) = w**2 - 29*w + 112. What is b(24)?
-8
Let t(m) = -7*m**2 + 507*m - 208. Determine t(72).
8
Let c(d) = 1651*d - 153543. Determine c(93).
0
Let l(f) = -3*f**2 - 92*f + 1105. Calculate l(12).
-431
Let x(t) = 71*t + 3560. Calculate x(-50).
10
Let f(s) = 37*s**2 - 50*s + 44. Give f(1).
31
Let o(w) = -w**2 + 15*w - 32. Calculate o(16).
-48
Let l(t) = -164*t - 647. Calculate l(-12).
1321
Let n(a) = -a**3 - 15*a**2 - 23*a - 73. Give n(-12).
-229
Let j(q) = -4*q**3 + 35*q**2 - 106*q + 53. What is j(3)?
-58
Let i(r) = 26965*r + 80886. Determine i(-3).
-9
Let b(j) = -j**3 + 31*j**2 + 5*j - 204. Give b(31).
-49
Let j(s) = s**3 - 10*s**2 + 24*s - 25. Determine j(6).
-25
Let v(x) = 12*x**2 + 75*x - 26. What is v(-7)?
37
Let j(y) = -y**3 + 7*y**2 + 30*y - 10. What is j(10)?
-10
Let i(y) = -40*y + 1098. What is i(30)?
-102
Let h(z) = 366*z + 1819. What is h(-5)?
-11
Let z(n) = 4*n**3 + 17*n**2 - n - 13. What is z(-5)?
-83
Let b(j) = j**2 - 141*j - 2008. Calculate b(-12).
-172
Let s(f) = 11*f**2 + 422*f + 417. Give s(-1).
6
Let z(l) = -212*l - 5362. Determine z(-25).
-62
Let b(g) = -g**2 - 90*g + 1689. Calculate b(16).
-7
Let m(u) = 2*u**3 - 31*u**2 + 64*u - 56. Give m(13).
-69
Let s(d) = 29*d + 3639. Determine s(-126).
-15
Let c(g) = 5*g**2 + 83*g - 38. Determine c(-17).
-4
Let o(c) = 3*c**2 - 34*c + 8. What is o(9)?
-55
Let c(v) = -32*v + 389. Calculate c(12).
5
Let q(k) = -k + 28. Determine q(35).
-7
Let k(a) = 119*a + 13556. Give k(-114).
-10
Let s(q) = 4*q - 81. Determine s(9).
-45
Let n(k) = 10*k**2 - 168*k + 55. What is n(17)?
89
Let f(h) = -h**3 + 305*h**2 - 3518*h + 579. Give f(293).
-7
Let h(q) = 5*q - 4. Calculate h(-2).
-14
Let r(h) = h**3 + 59*h**2 - 54*h + 383. Determine r(-60).
23
Let c(a) = a**3 - 52*a**2 + 47*a + 187. Determine c(51).
-17
Let q(c) = -50*c + 4994. Determine q(100).
-6
Let y(l) = -4*l**3 + 71*l**2 + 40*l + 73. Determine y(19).
-972
Let a(q) = 22*q - 55. Give a(-6).
-187
Let a(f) = -3*f**3 + 13*f**2 - 83*f + 2. What is a(6)?
-676
Let i(w) = -w**3 + 8*w**2 + w + 12. What is i(6)?
90
Let g(l) = 6*l**3 - 2*l**2 + 17*l - 13. Determine g(1).
8
Let f(l) = -13*l + 261. Give f(25).
-64
Let p(i) = 92*i - 86. Calculate p(1).
6
Let h(y) = y**3 - 16*y**2 + 25*y + 77. Calculate h(14).
35
Let n(u) = u**3 + 240*u**2 - 1479*u - 772. Give n(-246).
-34
Let i(f) = -2*f**3 - 62*f**2 + 18*f - 88. Give i(-31).
-646
Let t(w) = w**3 - 6*w**2 - 86*w + 465. What is t(7)?
-88
Let o(b) = 4*b. What is o(19)?
76
Let y(k) = 4*k**2 + 486*k + 227. What is y(-121)?
-15
Let x(d) = -4*d**3 - 36*d**2 - 37*d - 33. Give x(-8).
7
Let j(t) = -340*t + 18998. What is j(56)?
-42
Let c(v) = -86*v + 3438. Give c(40).
-2
Let r(a) = 4*a**2 + 109*a - 1216. Give r(10).
274
Let x(m) = -2*m**2 - 8*m + 1139. Determine x(-26).
-5
Let c(b) = b**3 - 53*b**2 - 427*b - 54. Give c(-7).
-5
Let u(f) = -144*f**2 + 29*f - 30. Calculate u(1).
-145
Let a(z) = 201*z + 9032. Give a(-45).
-13
Let v(i) = i**3 - i**2 + 22*i - 331. Calculate v(0).
-331
Let a(h) = -h**3 + 3*h**2 + 6*h - 2. Determine a(-2).
6
Let u(w) = -398*w - 10. Give u(0).
-10
Let p(k) = -2*k**3 + 19*k**2 - 29*k + 42. Calculate p(8).
2
Let u(n) = 68*n**3 + 9*n**2 - 4*n - 4. Determine u(1).
69
Let w(d) = -2*d**2 - 374*d + 1533. Give w(4).
5
Let b(m) = -2*m**2 - 112*m + 2655. Give b(-74).
-9
Let l(c) = 1413*c + 129991. Calculate l(-92).
-5
Let b(f) = -f**2 - 52*f + 3038. Determine b(-87).
-7
Let x(d) = 109*d + 1498. Give x(-13).
81
Let o(z) = 75*z + 3383. Give o(-45).
8
Let c(f) = -267*f - 1571. Cal